{"id":1059,"date":"2025-06-05T15:41:03","date_gmt":"2025-06-05T15:41:03","guid":{"rendered":"https:\/\/blog.gmlira.cat\/?page_id=1059"},"modified":"2025-06-05T15:55:27","modified_gmt":"2025-06-05T15:55:27","slug":"grup-de-muntanya-de-la-lira-vendrellenca","status":"publish","type":"page","link":"https:\/\/blog.gmlira.cat\/","title":{"rendered":"&#x1f9ed; Grup de Muntanya de la Lira Vendrellenca"},"content":{"rendered":"\n<p>Des del 1974 caminant junts, descobrint paisatges i fent pinya.<\/p>\n\n\n\n<p><\/p>\n\n\n\n<h2 class=\"wp-block-heading\">&#x1f44b; <strong>Qui som<\/strong><\/h2>\n\n\n\n<p>Som una colla d\u2019amants de la muntanya de totes les edats i nivells, vinculats a l\u2019entitat cultural La Lira Vendrellenca. Des del Baix Pened\u00e8s ens organitzem per fer sortides, promoure el senderisme, formar nous muntanyencs i gaudir plegats de la natura.<\/p>\n\n\n\n<h2 class=\"wp-block-heading\">&#x1f97e; <strong>Qu\u00e8 fem<\/strong><\/h2>\n\n\n\n<p>&#x1f4cc; Organitzem activitats com:<\/p>\n\n\n\n<ul class=\"wp-block-list\">\n<li>Caminades populars<\/li>\n\n\n\n<li>Sortides familiars i de cap de setmana<\/li>\n\n\n\n<li>Travesses cl\u00e0ssiques com la <strong>Vendrell-Montserrat<\/strong> o la <strong>Trenkakames<\/strong><\/li>\n\n\n\n<li>Gesti\u00f3 del <strong>Cam\u00ed de Sant Jaume<\/strong> al seu pas pel Vendrell<\/li>\n\n\n\n<li>Tallers, xerrades i formaci\u00f3 en muntanya<\/li>\n<\/ul>\n\n\n\n<p>Sempre amb bon ambient, seguretat i ganes de compartir cam\u00ed.<\/p>\n\n\n\n<h2 class=\"wp-block-heading\">&#x1f4cd; <strong>On som<\/strong><\/h2>\n\n\n\n<p>Ens trobar\u00e0s al local de La Lira Vendrellenca:<br>&#x1f4cc; <em>Carrer Sant Jordi n\u00ba7, Planta 3a, El Vendrell<\/em><\/p>\n\n\n\n<p>&#x1f449; <a href=\"https:\/\/maps.app.goo.gl\/WKqGvu8L4thLRX6N6\">Enlla\u00e7 a Google Maps<\/a><\/p>\n\n\n\n<h2 class=\"wp-block-heading\">&#x1f465; <strong>La nostra junta<\/strong><\/h2>\n\n\n\n<p>L\u2019actual equip del grup \u00e9s:<\/p>\n\n\n\n<ul class=\"wp-block-list\">\n<li><strong>President:<\/strong> Javier Ramos Panduro<\/li>\n\n\n\n<li><strong>Vicepresident:<\/strong> Josep Massana i Massana<\/li>\n\n\n\n<li><strong>Secret\u00e0ria:<\/strong> \u00c0ngels Rebollo Valencia<\/li>\n\n\n\n<li><strong>Tressorer\u00eda:<\/strong> Rub\u00e9n Fern\u00e1ndez P\u00e9rez<\/li>\n\n\n\n<li><strong>Vocals:<\/strong> Guadalupe Zambrano S\u00e1nchez i Eduard Llorens Garriga<\/li>\n<\/ul>\n\n\n\n<p>Treballem per cuidar l\u2019esperit del grup i adaptar-nos als nous temps sense perdre l\u2019ess\u00e8ncia.<\/p>\n\n\n\n<h2 class=\"wp-block-heading\">&#x1f4c6; <strong>Calendari d\u2019activitats<\/strong><\/h2>\n\n\n\n<p>Consulta totes les sortides i esdeveniments aqu\u00ed:<\/p>\n\n\n\n<p><a href=\"https:\/\/drive.google.com\/file\/d\/1Ur4vir6fXEcBm8PsaDxM5GUJZOofXM0o\/view?usp=drive_link\" data-type=\"link\" data-id=\"https:\/\/drive.google.com\/file\/d\/1Ur4vir6fXEcBm8PsaDxM5GUJZOofXM0o\/view?usp=drive_link\">&#x1f449; Calendari d&#8217;Activitats<\/a><\/p>\n\n\n\n<h2 class=\"wp-block-heading\">&#x1f4f8; <strong>Segueix-nos a xarxes<\/strong><\/h2>\n\n\n\n<p>Ens pots veure en acci\u00f3 a:<\/p>\n\n\n\n<ul class=\"wp-block-list\">\n<li>&#x1f4f7; <a href=\"https:\/\/www.instagram.com\/gmliravendrell\">Instagram<\/a> <\/li>\n\n\n\n<li>&#x1f97e; <a href=\"https:\/\/ca.wikiloc.com\/wikiloc\/user.do?id=883884\" data-type=\"link\" data-id=\"https:\/\/ca.wikiloc.com\/wikiloc\/user.do?id=883884\">Wikiloc<\/a> <\/li>\n<\/ul>\n\n\n\n<h2 class=\"wp-block-heading\">&#x1f4de; <strong>Contacte<\/strong><\/h2>\n\n\n\n<p>Per qualsevol dubte o per fer-te soci, escriu-nos a:<br>&#x1f4e7; <a href=\"mailto:secretaria@gmlira.cat\">secretaria@gmlira.cat<\/a><br>&#x1f4de; +34660887081<\/p>\n\n\n\n<p><\/p>\n\n\n\n<p><\/p>\n\n\n\n<p><\/p>\n","protected":false},"excerpt":{"rendered":"<p>Des del 1974 caminant junts, descobrint paisatges i fent pinya. &#x1f44b; Qui som Som una colla d\u2019amants de la muntanya de totes les edats i nivells, vinculats a l\u2019entitat cultural &#8230;<\/p>\n","protected":false},"author":2,"featured_media":0,"parent":0,"menu_order":0,"comment_status":"closed","ping_status":"closed","template":"","meta":{"jetpack_post_was_ever_published":false,"footnotes":""},"class_list":["post-1059","page","type-page","status-publish","hentry"],"jetpack_shortlink":"https:\/\/wp.me\/P48sd8-h5","jetpack_sharing_enabled":true,"_links":{"self":[{"href":"https:\/\/blog.gmlira.cat\/index.php?rest_route=\/wp\/v2\/pages\/1059","targetHints":{"allow":["GET"]}}],"collection":[{"href":"https:\/\/blog.gmlira.cat\/index.php?rest_route=\/wp\/v2\/pages"}],"about":[{"href":"https:\/\/blog.gmlira.cat\/index.php?rest_route=\/wp\/v2\/types\/page"}],"author":[{"embeddable":true,"href":"https:\/\/blog.gmlira.cat\/index.php?rest_route=\/wp\/v2\/users\/2"}],"replies":[{"embeddable":true,"href":"https:\/\/blog.gmlira.cat\/index.php?rest_route=%2Fwp%2Fv2%2Fcomments&post=1059"}],"version-history":[{"count":5,"href":"https:\/\/blog.gmlira.cat\/index.php?rest_route=\/wp\/v2\/pages\/1059\/revisions"}],"predecessor-version":[{"id":1086,"href":"https:\/\/blog.gmlira.cat\/index.php?rest_route=\/wp\/v2\/pages\/1059\/revisions\/1086"}],"wp:attachment":[{"href":"https:\/\/blog.gmlira.cat\/index.php?rest_route=%2Fwp%2Fv2%2Fmedia&parent=1059"}],"curies":[{"name":"wp","href":"https:\/\/api.w.org\/{rel}","templated":true}]}}

<p>Des del 1974 caminant junts, descobrint paisatges i fent pinya.</p>



<p></p>



<h2 class="wp-block-heading">&#x1f44b; <strong>Qui som</strong></h2>



<p>Som una colla d’amants de la muntanya de totes les edats i nivells, vinculats a l’entitat cultural La Lira Vendrellenca. Des del Baix Penedès ens organitzem per fer sortides, promoure el senderisme, formar nous muntanyencs i gaudir plegats de la natura.</p>



<h2 class="wp-block-heading">&#x1f97e; <strong>Què fem</strong></h2>



<p>&#x1f4cc; Organitzem activitats com:</p>



<ul class="wp-block-list">
<li>Caminades populars</li>



<li>Sortides familiars i de cap de setmana</li>



<li>Travesses clàssiques com la <strong>Vendrell-Montserrat</strong> o la <strong>Trenkakames</strong></li>



<li>Gestió del <strong>Camí de Sant Jaume</strong> al seu pas pel Vendrell</li>



<li>Tallers, xerrades i formació en muntanya</li>
</ul>



<p>Sempre amb bon ambient, seguretat i ganes de compartir camí.</p>



<h2 class="wp-block-heading">&#x1f4cd; <strong>On som</strong></h2>



<p>Ens trobaràs al local de La Lira Vendrellenca:<br>&#x1f4cc; <em>Carrer Sant Jordi nº7, Planta 3a, El Vendrell</em></p>



<p>&#x1f449; <a href="https://maps.app.goo.gl/WKqGvu8L4thLRX6N6">Enllaç a Google Maps</a></p>



<h2 class="wp-block-heading">&#x1f465; <strong>La nostra junta</strong></h2>



<p>L’actual equip del grup és:</p>



<ul class="wp-block-list">
<li><strong>President:</strong> Javier Ramos Panduro</li>



<li><strong>Vicepresident:</strong> Josep Massana i Massana</li>



<li><strong>Secretària:</strong> Àngels Rebollo Valencia</li>



<li><strong>Tressorería:</strong> Rubén Fernández Pérez</li>



<li><strong>Vocals:</strong> Guadalupe Zambrano Sánchez i Eduard Llorens Garriga</li>
</ul>



<p>Treballem per cuidar l’esperit del grup i adaptar-nos als nous temps sense perdre l’essència.</p>



<h2 class="wp-block-heading">&#x1f4c6; <strong>Calendari d’activitats</strong></h2>



<p>Consulta totes les sortides i esdeveniments aquí:</p>



<p><a href="https://drive.google.com/file/d/1Ur4vir6fXEcBm8PsaDxM5GUJZOofXM0o/view?usp=drive_link" data-type="link" data-id="https://drive.google.com/file/d/1Ur4vir6fXEcBm8PsaDxM5GUJZOofXM0o/view?usp=drive_link">&#x1f449; Calendari d&#8217;Activitats</a></p>



<h2 class="wp-block-heading">&#x1f4f8; <strong>Segueix-nos a xarxes</strong></h2>



<p>Ens pots veure en acció a:</p>



<ul class="wp-block-list">
<li>&#x1f4f7; <a href="https://www.instagram.com/gmliravendrell">Instagram</a> </li>



<li>&#x1f97e; <a href="https://ca.wikiloc.com/wikiloc/user.do?id=883884" data-type="link" data-id="https://ca.wikiloc.com/wikiloc/user.do?id=883884">Wikiloc</a> </li>
</ul>



<h2 class="wp-block-heading">&#x1f4de; <strong>Contacte</strong></h2>



<p>Per qualsevol dubte o per fer-te soci, escriu-nos a:<br>&#x1f4e7; <a href="mailto:secretaria@gmlira.cat">secretaria@gmlira.cat</a><br>&#x1f4de; +34660887081</p>



<p></p>



<p></p>



<p></p>
